{"id":389,"date":"2015-02-24T14:52:50","date_gmt":"2015-02-24T14:52:50","guid":{"rendered":"http:\/\/stj500.arqtgn.cat\/mensaje-del-papa\/"},"modified":"2015-02-24T14:52:50","modified_gmt":"2015-02-24T14:52:50","slug":"mensaje-del-papa","status":"publish","type":"page","link":"https:\/\/stj500.arqtgn.cat\/es\/mensaje-del-papa\/","title":{"rendered":"MENSAJE DEL PAPA"},"content":{"rendered":"<p><span style=\"font-size: 10pt\"><a href=\"http:\/\/santateresa.wp.arqtgn.cat\/wp-content\/uploads\/sites\/49\/2015\/02\/mensajePapaEsp.pdf\">Descargar el mensaje<\/a><\/span><\/p>\n<p style=\"text-align: center\"><strong>MENSAJE DEL SANTO PADRE FRANCISCO\u00a0<\/strong><strong>AL OBISPO DE \u00c1VILA CON MOTIVO DE LA APERTURA\u00a0<\/strong><strong>DEL A\u00d1O JUBILAR TERESIANO<br \/>\n<\/strong><strong>Vaticano, 15 de octubre de 2014<\/strong><\/p>\n<p>A Monse\u00f1or Jes\u00fas Garc\u00eda Burillo<br \/>\nObispo de \u00c1vila<\/p>\n<p>Querido Hermano:<\/p>\n<p>El 28 de marzo de 1515 naci\u00f3 en \u00c1vila una ni\u00f1a que con el tiempo ser\u00eda conocida como santa Teresa de Jes\u00fas. Al acercarse el quinto centenario de su nacimiento, vuelvo la mirada a esa ciudad para dar gracias a Dios por el don de esta gran mujer y animar a los fieles de la querida di\u00f3cesis abulense y a todos los espa\u00f1oles a conocer la historia de esa insigne fundadora, as\u00ed como a leer sus libros, que, junto con sus hijas en los numerosos Carmelos esparcidos por el mundo, nos siguen diciendo qui\u00e9n y c\u00f3mo fue la Madre Teresa y qu\u00e9 puede ense\u00f1arnos a los hombres y mujeres de hoy.<\/p>\n<p>En la escuela de la santa andariega aprendemos a ser peregrinos. La imagen del camino puede sintetizar muy bien la lecci\u00f3n de su vida y de su obra. Ella entendi\u00f3 su vida como camino de perfecci\u00f3n por el que Dios conduce al hombre, morada tras morada, hasta \u00c9l y, al mismo tiempo, lo pone en marcha hacia los hombres. \u00bfPor qu\u00e9 caminos quiere llevarnos el Se\u00f1or tras las huellas y de la mano de santa Teresa? Quisiera recordar cuatro que me hacen mucho bien: el camino de la alegr\u00eda, de la oraci\u00f3n, de la fraternidad y del propio tiempo.<\/p>\n<p>Teresa de Jes\u00fas invita a sus monjas a \u00abandar alegres sirviendo\u00bb (Camino 18,5). La verdadera santidad es alegr\u00eda, porque \u201cun santo triste es un triste santo\u201d. Los santos, antes que h\u00e9roes esforzados, son fruto de la gracia de Dios a los hombres. Cada santo nos manifiesta un rasgo del multiforme rostro de Dios. En santa Teresa contemplamos al Dios que, siendo \u00absoberana Majestad, eterna Sabidur\u00eda\u00bb (Poes\u00eda 2), se revela cercano y compa\u00f1ero, que tiene sus delicias en conversar con los hombres: Dios se alegra con nosotros. Y, de sentir su amor, le nac\u00eda a la Santa una alegr\u00eda contagiosa que no pod\u00eda disimular y que transmit\u00eda a su alrededor. Esta alegr\u00eda es un camino que hay que andar toda la vida. No es instant\u00e1nea, superficial, bullanguera. Hay que procurarla ya \u00aba los principios\u00bb (Vida 13,1). Expresa el gozo interior del alma, es humilde y \u00abmodesta\u00bb (cf. Fundaciones 12,1). No se alcanza por el atajo f\u00e1cil que evita la renuncia, el sufrimiento o la cruz, sino que se encuentra padeciendo trabajos y dolores (cf. Vida 6,2; 30,8), mirando al Crucificado y buscando al Resucitado (cf. Camino 26,4). De ah\u00ed que la alegr\u00eda de santa Teresa no sea ego\u00edsta ni autorreferencial. Como la del cielo, consiste en \u00abalegrarse que se alegren todos\u00bb (Camino 30,5), poni\u00e9ndose al servicio de los dem\u00e1s con amor desinteresado. Al igual que a uno de sus monasterios en dificultades, la Santa nos dice tambi\u00e9n hoy a nosotros, especialmente a los j\u00f3venes: \u00ab\u00a1No dejen de andar alegres!\u00bb (Carta 284,4). \u00a1El Evangelio no es una bolsa de plomo que se arrastra pesadamente, sino una fuente de gozo que llena de Dios el coraz\u00f3n y lo impulsa a servir a los hermanos!<\/p>\n<p>La Santa transit\u00f3 tambi\u00e9n el camino de la oraci\u00f3n, que defini\u00f3 bellamente como un \u00abtratar de amistad estando muchas veces a solas con quien sabemos nos ama\u00bb (Vida 8,5). Cuando los tiempos son \u201crecios\u201d, son necesarios \u00abamigos fuertes de Dios\u00bb para sostener a los flojos (Vida 15,5). Rezar no es una forma de huir, tampoco de meterse en una burbuja, ni de aislarse, sino de avanzar en una amistad que tanto m\u00e1s crece cuanto m\u00e1s se trata al Se\u00f1or, \u00abamigo verdadero\u00bb y \u00abcompa\u00f1ero\u00bb fiel de viaje, con quien \u00abtodo se puede sufrir\u00bb, pues siempre \u00abayuda, da esfuerzo y nunca falta\u00bb (Vida 22,6). Para orar \u00abno est\u00e1 la cosa en pensar mucho sino en amar mucho\u00bb (Moradas IV,1,7), en volver los ojos para mirar a quien no deja de mirarnos amorosamente y sufrirnos pacientemente (cf. Camino 26,3-4). Por muchos caminos puede Dios conducir las almas hacia s\u00ed, pero la oraci\u00f3n es el \u00abcamino seguro\u00bb (Vida 21,5). Dejarla es perderse (cf. Vida 19,6). Estos consejos de la Santa son de perenne actualidad. \u00a1Vayan adelante, pues, por el camino de la oraci\u00f3n, con determinaci\u00f3n, sin detenerse, hasta el fin! Esto vale singularmente para todos los miembros de la vida consagrada. En una cultura de lo provisorio, vivan la fidelidad del \u00abpara siempre, siempre, siempre\u00bb (Vida 1,5); en un mundo sin esperanza, muestren la fecundidad de un \u00abcoraz\u00f3n enamorado\u00bb (Poes\u00eda 5); y en una sociedad con tantos \u00eddolos, sean testigos de que \u00abs\u00f3lo Dios basta\u00bb (Poes\u00eda 9).<\/p>\n<p>Este camino no podemos hacerlo solos, sino juntos. Para la santa reformadora la senda de la oraci\u00f3n discurre por la v\u00eda de la fraternidad en el seno de la Iglesia madre. \u00c9sta fue su respuesta providencial, nacida de la inspiraci\u00f3n divina y de su intuici\u00f3n femenina, a los problemas de la Iglesia y de la sociedad de su tiempo: fundar peque\u00f1as comunidades de mujeres que, a imitaci\u00f3n del \u201ccolegio apost\u00f3lico\u201d, siguieran a Cristo viviendo sencillamente el Evangelio y sosteniendo a toda la Iglesia con una vida hecha plegaria. \u00abPara esto os junt\u00f3 \u00c9l aqu\u00ed, hermanas\u00bb (Camino 2,5) y tal fue la promesa: \u00abque Cristo andar\u00eda con nosotras\u00bb (Vida 32,11). \u00a1Qu\u00e9 linda definici\u00f3n de la fraternidad en la Iglesia: andar juntos con Cristo como hermanos! Para ello no recomienda Teresa de Jes\u00fas muchas cosas, simplemente tres: amarse mucho unos a otros, desasirse de todo y verdadera humildad, que \u00abaunque la digo a la postre es la base principal y las abraza todas\u00bb (Camino 4,4). \u00a1C\u00f3mo desear\u00eda, en estos tiempos, unas comunidades cristianas m\u00e1s fraternas donde se haga este camino: andar en la verdad de la humildad que nos libera de nosotros mismos para amar m\u00e1s y mejor a los dem\u00e1s, especialmente a los m\u00e1s pobres! \u00a1Nada hay m\u00e1s hermoso que vivir y morir como hijos de esta Iglesia madre!<\/p>\n<p>Precisamente porque es madre de puertas abiertas, la Iglesia siempre est\u00e1 en camino hacia los hombres para llevarles aquel \u00abagua viva\u00bb (cf. Jn 4,10) que riega el huerto de su coraz\u00f3n sediento. La santa escritora y maestra de oraci\u00f3n fue al mismo tiempo fundadora y misionera por los caminos de Espa\u00f1a. Su experiencia m\u00edstica no la separ\u00f3 del mundo ni de las preocupaciones de la gente. Al contrario, le dio nuevo impulso y coraje para la acci\u00f3n y los deberes de cada d\u00eda, porque tambi\u00e9n \u00abentre los pucheros anda el Se\u00f1or\u00bb (Fundaciones 5,8). Ella vivi\u00f3 las dificultades de su tiempo \u2013tan complicado\u2013 sin ceder a la tentaci\u00f3n del lamento amargo, sino m\u00e1s bien acept\u00e1ndolas en la fe como una oportunidad para dar un paso m\u00e1s en el camino. Y es que, \u00abpara hacer Dios grandes mercedes a quien de veras le sirve, siempre es tiempo\u00bb (Fundaciones 4,6). Hoy Teresa nos dice: Reza m\u00e1s para comprender bien lo que pasa a tu alrededor y as\u00ed actuar mejor. La oraci\u00f3n vence el pesimismo y genera buenas iniciativas (cf. Moradas VII,4,6). \u00a1\u00c9ste es el realismo teresiano, que exige obras en lugar de emociones, y amor en vez de ensue\u00f1os, el realismo del amor humilde frente a un ascetismo afanoso! Algunas veces la Santa abrevia sus sabrosas cartas diciendo: \u00abEstamos de camino\u00bb (Carta 469,7.9), como expresi\u00f3n de la urgencia por continuar hasta el fin con la tarea comenzada. Cuando arde el mundo, no se puede perder el tiempo en negocios de poca importancia. \u00a1Ojal\u00e1 contagie a todos esta santa prisa por salir a recorrer los caminos de nuestro propio tiempo, con el Evangelio en la mano y el Esp\u00edritu en el coraz\u00f3n!<\/p>\n<p>\u00ab\u00a1Ya es tiempo de caminar!\u00bb (Ana de San Bartolom\u00e9, \u00daltimas acciones de la vida de santa Teresa). Estas palabras de santa Teresa de \u00c1vila a punto de morir son la s\u00edntesis de su vida y se convierten para nosotros, especialmente para la familia carmelitana, sus paisanos abulenses y todos los espa\u00f1oles, en una preciosa herencia a conservar y enriquecer.<\/p>\n<p>Querido Hermano, con mi saludo cordial, a todos les digo: \u00a1Ya es tiempo de caminar, andando por los caminos de la alegr\u00eda, de la oraci\u00f3n, de la fraternidad, del tiempo vivido como gracia! Recorramos los caminos de la vida de la mano de santa Teresa. Sus huellas nos conducen siempre a Jes\u00fas.<\/p>\n<p>Les pido, por favor, que recen por m\u00ed, pues lo necesito. Que Jes\u00fas los bendiga y la Virgen Santa los cuide.<\/p>\n<p>Fraternalmente,<\/p>\n<p>Francisco<\/p>\n","protected":false},"excerpt":{"rendered":"<p>Descargar el mensaje MENSAJE DEL SANTO PADRE FRANCISCO\u00a0AL OBISPO DE \u00c1VILA CON MOTIVO DE LA APERTURA\u00a0DEL A\u00d1O JUBILAR TERESIANO Vaticano, 15 de octubre de 2014 A Monse\u00f1or Jes\u00fas Garc\u00eda Burillo Obispo de \u00c1vila Querido Hermano: El 28 de marzo de &hellip; <a href=\"https:\/\/stj500.arqtgn.cat\/es\/mensaje-del-papa\/\">Sigue leyendo <span class=\"meta-nav\">&rarr;<\/span><\/a><\/p>\n","protected":false},"author":7,"featured_media":0,"parent":0,"menu_order":0,"comment_status":"closed","ping_status":"closed","template":"","meta":{"footnotes":""},"class_list":["post-389","page","type-page","status-publish","hentry"],"_links":{"self":[{"href":"https:\/\/stj500.arqtgn.cat\/es\/wp-json\/wp\/v2\/pages\/389","targetHints":{"allow":["GET"]}}],"collection":[{"href":"https:\/\/stj500.arqtgn.cat\/es\/wp-json\/wp\/v2\/pages"}],"about":[{"href":"https:\/\/stj500.arqtgn.cat\/es\/wp-json\/wp\/v2\/types\/page"}],"author":[{"embeddable":true,"href":"https:\/\/stj500.arqtgn.cat\/es\/wp-json\/wp\/v2\/users\/7"}],"replies":[{"embeddable":true,"href":"https:\/\/stj500.arqtgn.cat\/es\/wp-json\/wp\/v2\/comments?post=389"}],"version-history":[{"count":0,"href":"https:\/\/stj500.arqtgn.cat\/es\/wp-json\/wp\/v2\/pages\/389\/revisions"}],"wp:attachment":[{"href":"https:\/\/stj500.arqtgn.cat\/es\/wp-json\/wp\/v2\/media?parent=389"}],"curies":[{"name":"wp","href":"https:\/\/api.w.org\/{rel}","templated":true}]}}

<p><span style="font-size: 10pt"><a href="http://santateresa.wp.arqtgn.cat/wp-content/uploads/sites/49/2015/02/mensajePapaEsp.pdf">Descargar el mensaje</a></span></p>
<p style="text-align: center"><strong>MENSAJE DEL SANTO PADRE FRANCISCO </strong><strong>AL OBISPO DE ÁVILA CON MOTIVO DE LA APERTURA </strong><strong>DEL AÑO JUBILAR TERESIANO<br />
</strong><strong>Vaticano, 15 de octubre de 2014</strong></p>
<p>A Monseñor Jesús García Burillo<br />
Obispo de Ávila</p>
<p>Querido Hermano:</p>
<p>El 28 de marzo de 1515 nació en Ávila una niña que con el tiempo sería conocida como santa Teresa de Jesús. Al acercarse el quinto centenario de su nacimiento, vuelvo la mirada a esa ciudad para dar gracias a Dios por el don de esta gran mujer y animar a los fieles de la querida diócesis abulense y a todos los españoles a conocer la historia de esa insigne fundadora, así como a leer sus libros, que, junto con sus hijas en los numerosos Carmelos esparcidos por el mundo, nos siguen diciendo quién y cómo fue la Madre Teresa y qué puede enseñarnos a los hombres y mujeres de hoy.</p>
<p>En la escuela de la santa andariega aprendemos a ser peregrinos. La imagen del camino puede sintetizar muy bien la lección de su vida y de su obra. Ella entendió su vida como camino de perfección por el que Dios conduce al hombre, morada tras morada, hasta Él y, al mismo tiempo, lo pone en marcha hacia los hombres. ¿Por qué caminos quiere llevarnos el Señor tras las huellas y de la mano de santa Teresa? Quisiera recordar cuatro que me hacen mucho bien: el camino de la alegría, de la oración, de la fraternidad y del propio tiempo.</p>
<p>Teresa de Jesús invita a sus monjas a «andar alegres sirviendo» (Camino 18,5). La verdadera santidad es alegría, porque “un santo triste es un triste santo”. Los santos, antes que héroes esforzados, son fruto de la gracia de Dios a los hombres. Cada santo nos manifiesta un rasgo del multiforme rostro de Dios. En santa Teresa contemplamos al Dios que, siendo «soberana Majestad, eterna Sabiduría» (Poesía 2), se revela cercano y compañero, que tiene sus delicias en conversar con los hombres: Dios se alegra con nosotros. Y, de sentir su amor, le nacía a la Santa una alegría contagiosa que no podía disimular y que transmitía a su alrededor. Esta alegría es un camino que hay que andar toda la vida. No es instantánea, superficial, bullanguera. Hay que procurarla ya «a los principios» (Vida 13,1). Expresa el gozo interior del alma, es humilde y «modesta» (cf. Fundaciones 12,1). No se alcanza por el atajo fácil que evita la renuncia, el sufrimiento o la cruz, sino que se encuentra padeciendo trabajos y dolores (cf. Vida 6,2; 30,8), mirando al Crucificado y buscando al Resucitado (cf. Camino 26,4). De ahí que la alegría de santa Teresa no sea egoísta ni autorreferencial. Como la del cielo, consiste en «alegrarse que se alegren todos» (Camino 30,5), poniéndose al servicio de los demás con amor desinteresado. Al igual que a uno de sus monasterios en dificultades, la Santa nos dice también hoy a nosotros, especialmente a los jóvenes: «¡No dejen de andar alegres!» (Carta 284,4). ¡El Evangelio no es una bolsa de plomo que se arrastra pesadamente, sino una fuente de gozo que llena de Dios el corazón y lo impulsa a servir a los hermanos!</p>
<p>La Santa transitó también el camino de la oración, que definió bellamente como un «tratar de amistad estando muchas veces a solas con quien sabemos nos ama» (Vida 8,5). Cuando los tiempos son “recios”, son necesarios «amigos fuertes de Dios» para sostener a los flojos (Vida 15,5). Rezar no es una forma de huir, tampoco de meterse en una burbuja, ni de aislarse, sino de avanzar en una amistad que tanto más crece cuanto más se trata al Señor, «amigo verdadero» y «compañero» fiel de viaje, con quien «todo se puede sufrir», pues siempre «ayuda, da esfuerzo y nunca falta» (Vida 22,6). Para orar «no está la cosa en pensar mucho sino en amar mucho» (Moradas IV,1,7), en volver los ojos para mirar a quien no deja de mirarnos amorosamente y sufrirnos pacientemente (cf. Camino 26,3-4). Por muchos caminos puede Dios conducir las almas hacia sí, pero la oración es el «camino seguro» (Vida 21,5). Dejarla es perderse (cf. Vida 19,6). Estos consejos de la Santa son de perenne actualidad. ¡Vayan adelante, pues, por el camino de la oración, con determinación, sin detenerse, hasta el fin! Esto vale singularmente para todos los miembros de la vida consagrada. En una cultura de lo provisorio, vivan la fidelidad del «para siempre, siempre, siempre» (Vida 1,5); en un mundo sin esperanza, muestren la fecundidad de un «corazón enamorado» (Poesía 5); y en una sociedad con tantos ídolos, sean testigos de que «sólo Dios basta» (Poesía 9).</p>
<p>Este camino no podemos hacerlo solos, sino juntos. Para la santa reformadora la senda de la oración discurre por la vía de la fraternidad en el seno de la Iglesia madre. Ésta fue su respuesta providencial, nacida de la inspiración divina y de su intuición femenina, a los problemas de la Iglesia y de la sociedad de su tiempo: fundar pequeñas comunidades de mujeres que, a imitación del “colegio apostólico”, siguieran a Cristo viviendo sencillamente el Evangelio y sosteniendo a toda la Iglesia con una vida hecha plegaria. «Para esto os juntó Él aquí, hermanas» (Camino 2,5) y tal fue la promesa: «que Cristo andaría con nosotras» (Vida 32,11). ¡Qué linda definición de la fraternidad en la Iglesia: andar juntos con Cristo como hermanos! Para ello no recomienda Teresa de Jesús muchas cosas, simplemente tres: amarse mucho unos a otros, desasirse de todo y verdadera humildad, que «aunque la digo a la postre es la base principal y las abraza todas» (Camino 4,4). ¡Cómo desearía, en estos tiempos, unas comunidades cristianas más fraternas donde se haga este camino: andar en la verdad de la humildad que nos libera de nosotros mismos para amar más y mejor a los demás, especialmente a los más pobres! ¡Nada hay más hermoso que vivir y morir como hijos de esta Iglesia madre!</p>
<p>Precisamente porque es madre de puertas abiertas, la Iglesia siempre está en camino hacia los hombres para llevarles aquel «agua viva» (cf. Jn 4,10) que riega el huerto de su corazón sediento. La santa escritora y maestra de oración fue al mismo tiempo fundadora y misionera por los caminos de España. Su experiencia mística no la separó del mundo ni de las preocupaciones de la gente. Al contrario, le dio nuevo impulso y coraje para la acción y los deberes de cada día, porque también «entre los pucheros anda el Señor» (Fundaciones 5,8). Ella vivió las dificultades de su tiempo –tan complicado– sin ceder a la tentación del lamento amargo, sino más bien aceptándolas en la fe como una oportunidad para dar un paso más en el camino. Y es que, «para hacer Dios grandes mercedes a quien de veras le sirve, siempre es tiempo» (Fundaciones 4,6). Hoy Teresa nos dice: Reza más para comprender bien lo que pasa a tu alrededor y así actuar mejor. La oración vence el pesimismo y genera buenas iniciativas (cf. Moradas VII,4,6). ¡Éste es el realismo teresiano, que exige obras en lugar de emociones, y amor en vez de ensueños, el realismo del amor humilde frente a un ascetismo afanoso! Algunas veces la Santa abrevia sus sabrosas cartas diciendo: «Estamos de camino» (Carta 469,7.9), como expresión de la urgencia por continuar hasta el fin con la tarea comenzada. Cuando arde el mundo, no se puede perder el tiempo en negocios de poca importancia. ¡Ojalá contagie a todos esta santa prisa por salir a recorrer los caminos de nuestro propio tiempo, con el Evangelio en la mano y el Espíritu en el corazón!</p>
<p>«¡Ya es tiempo de caminar!» (Ana de San Bartolomé, Últimas acciones de la vida de santa Teresa). Estas palabras de santa Teresa de Ávila a punto de morir son la síntesis de su vida y se convierten para nosotros, especialmente para la familia carmelitana, sus paisanos abulenses y todos los españoles, en una preciosa herencia a conservar y enriquecer.</p>
<p>Querido Hermano, con mi saludo cordial, a todos les digo: ¡Ya es tiempo de caminar, andando por los caminos de la alegría, de la oración, de la fraternidad, del tiempo vivido como gracia! Recorramos los caminos de la vida de la mano de santa Teresa. Sus huellas nos conducen siempre a Jesús.</p>
<p>Les pido, por favor, que recen por mí, pues lo necesito. Que Jesús los bendiga y la Virgen Santa los cuide.</p>
<p>Fraternalmente,</p>
<p>Francisco</p>

<p>Descargar el mensaje MENSAJE DEL SANTO PADRE FRANCISCO AL OBISPO DE ÁVILA CON MOTIVO DE LA APERTURA DEL AÑO JUBILAR TERESIANO Vaticano, 15 de octubre de 2014 A Monseñor Jesús García Burillo Obispo de Ávila Querido Hermano: El 28 de marzo de &hellip; <a href="https://stj500.arqtgn.cat/es/mensaje-del-papa/">Sigue leyendo <span class="meta-nav">&rarr;</span></a></p>
